7) + -75 + 1?
42
Calculate -73 - -63 - (-21 - (5 - 5)) - -30.
41
Evaluate -10 + 0 - (3 + (-16 - (6 + -6))) - 14.
-11
What is (-51 - -58) + (4 - (2 - 11)) + 2 + -3?
19
53 - (0 - 1) - (-262 - -127 - -152)
37
What is (66 - -42) + -20 + -115?
-27
What is the value of -3 - (15 + -52 + 13)?
21
Evaluate -4 + 183 - (42 + -13) - 38.
112
(7 - ((-7 - -4) + (4 - 19))) + -7
18
(36 + 28 - 43 - 21) + -16
-16
Evaluate -112 - (67 + (-187 - -118)).
-110
What is the value of 13 + 16 + -63 + 65?
31
Calculate 55 + 11 + -3 + (-27 - -44 - 30).
50
What is -24 + 47 - 52 - -83?
54
What is (-24 + 32 - (75 + 0)) + (-210 - -209)?
-68
Evaluate 2 + -1 + -1 + (-107 - 5) + 50.
-62
-44 - 1 - (-1413 + 1406)
-38
What is the value of 16 + -3 + (-43 - -13 - -17) - -64?
64
What is the value of (-5 - -59) + -159 - -34?
-71
Evaluate (-147 - (-13 - 14)) + 78.
-42
What is the value of 29 + 102 + -93 + 98?
136
-24 - (-24 + -36 + 93)
-57
Evaluate (-11 + (-4 - -5) - -14) + -27.
-23
Calculate 67 + -95 - -133 - 55.
50
Evaluate (26 - 1) + 790 + -803.
12
What is the value of (-12 - (18 + -18)) + 33 + 4?
25
What is the value of 106 + 94 + -262 + 84?
22
16 + -1 - ((-11 - -74) + -29 + -24)
5
What is 54 + (1 - (11 + -12) - (1 + 15))?
40
What is the value of -155 + (-64 - (-190 + 53))?
-82
Evaluate (30 - (-49 + 109)) + -9.
-39
What is the value of (-35 - -66) + -4 + -13 + (0 - -12)?
26
1 + (-27 - -61) - -7
42
Calculate 2 + 25 - (246 - 134).
-85
Evaluate -2 + ((0 - 41) + 35 - -126).
118
What is the value of -1 - (-32 - ((-8 - 32) + -1))?
-10
Calculate 44 + 26 + -62 + -18.
-10
Calculate 0 + (4 - (30 + -16) - -14) - 32.
-28
Calculate (-21 - (-11 + 82)) + 81.
-11
Calculate ((0 - 1) + 6 - (10 - -11)) + (12 - 11).
-15
Evaluate 16 + -5 - (-2 + 25 + -20 + 13).
-5
What is the value of (3 - 29) + (1 - -17) + 28 + -130?
-110
What is the value of (7 + -8 + 14 - (14 - -39 - -4)) + -10?
-54
Evaluate 94 + -25 - (11 - -47).
11
-43 - (80 - (122 + -67))
-68
What is 3 + (4 - (-5 - 3)) + -41 + 105 + -30?
49
What is 32 + -26 + 11 - 11 - -5?
11
Evaluate (25 - 37) + (143 - (-1 + 11 + (-143 - -131))).
133
What is the value of (2 - (20 + -28 - -17)) + -14 + -3 + 5?
-19
What is the value of -143 + 8 + 4 + -8 - 16 - (1 - 16)?
-140
Evaluate (-149 - -143) + 139 + 0 + -10.
123
What is 3 + (17 + -26 - 0) - -67?
61
What is the value of (11 - -7) + (-74 - -65) - (-1 + 152)?
-142
What is (-131 - -114) + (3 + 1 - -2)?
-11
Calculate (-10 + 0 - 0) + (2 + -4 + -7 - 1).
-20
Calculate -4 - -10 - (-13 + (-2 - 0) + 84).
-63
What is the value of (-122 - 9) + 61 + -38 + -2?
-110
-14 + 27 + 22 + -31 + (1 - -1 - -8)
14
What is -63 + -12 + (9 - -2 - -13) + -1?
-52
(41 - 7) + (-2 - (27 + -22))
27
Calculate 0 + 78 + -268 + 104.
-86
3 + 46 + -12 + -4 + 8 + 2 + 10
53
What is the value of (60 - -2) + -3544 + 3441?
-41
31 - (3 - -45 - (197 + -213))
-33
2 + -11 + -12 + 13 + 0 - -25
17
Calculate (9 + 0 - (19 + -9)) + 66 + -28.
37
(-2 - 13) + (13 - (-19 + 27 + 22))
-32
Evaluate -66 - (-125 + 257 - 268).
70
Calculate 6 - ((16 - 0) + (-59 + 39 - 1)).
11
Evaluate -77 + 78 + -7 - -100.
94
Calculate 55 + (-28 - (17 + -17)) + -33.
-6
Calculate -3 + (49 - (-1 + -2)) + (-48 - -54) - 7.
48
What is 5 + -1 + 476 + -445 + -67?
-32
Evaluate -58 + (46 + 12 - 46).
-46
What is the value of -6 - (-100 + 60) - (-1 - -15)?
20
Evaluate -14 + (131 + (-27 - 2) - 22).
66
Evaluate (-22 - -19) + (3 + 43 - -1) + -11.
33
What is 2 - 2 - (0 - 1) - (-2060 - -2029)?
32
What is 2 + -55 + (-97 - (-49 - 70))?
-31
(-46 - 5) + (2 + -15 - (-75 - -46))
-35
What is (2 - 1) + 59 - ((51 - 293) + 248)?
54
36 - 20 - ((20 - 6) + -55) - (16 - 3)
44
Calculate (6 - 100 - -26) + 5 + (3 + -10 - -6).
-64
What is the value of (-43 - (-29 - (28 - 47))) + -26?
-59
0 + (77 + -83 - (1 + 0)) + 22 + 90
105
-74 + -1 + 12 + (2 - -6)
-55
Calculate 33 + (-18 + -20 - 5).
-10
-15 + 62 + 9 - -4
60
What is -15 - (14 - 111 - -24)?
58
What is the value of 2674 + -2588 + (2 - 4) + 1 + -5 + 1?
81
What is the value of 2 + -5 + -5 + 19 + -3 + -1 + -5?
2
What is the value of (7 + 32 - -10) + -47?
2
What is (103 - 87) + -26 + (2 + 75 - (7 - 9))?
69
Evaluate 0 - (-22 + 24) - (11 - (6 - -82)).
75
What is -11 + 0 - (-117 - -148) - (2 + (12 - 6))?
-50
What is the value of 5 + (-19 - (-1 + 5)) + (-214 - -213)?
-19
2 + -52 - (-2 - -17 - (9 + 47 - 33))
-42
Calculate (-37 + -2 - -18) + 17 + 15.
11
-9 + (-73 - -66) - -10
-6
What is the value of (48 + -99 - -44) + (-2 - (-2 - (-2 - -5)))?
-4
-32 - (-139 - (-16 - 52))
39
What is (80 - (318 + -325 + (-2 + 1 - -3))) + 7?
92
Calculate (-5 - (-12 + 0)) + (41 - 2) + -22 + 15.
39
179 - (59 + -37 - -84)
73
What is the value of -482 + 471 - (-4 - 0) - 15?
-22
What is the value of 94 + (-10 + (0 - -2) + (-287 - -303) - 5)?
97
What is the value of (-86 - (-55 - -19)) + 118?
68
Evaluate 29 - (16 + -13 + 1 - 16 - -8).
33
69 + -68 + 32 + 28
61
Evaluate 0 - 7 - (-197 - (62 + -322)).
-70
Calculate -36 - (-23 + 4 + 3 - (-37 + 21)).
-36
What is -8 + (-29 - 1) + -18 - -8?
-48
Calculate -89 + 2 - (7024 - 7102).
-9
-11 + (22 - 33) + 22 + 28
28
What is the value of -42 + (-24 - -54) + -5 + -99?
-116
10 + -8 + -2 + 11 + -6 + 60 - 6
59
Calculate -9 - -41 - (38 - -9).
-15
What is the value of -17 + (22 - (29 - -11))?
-35
Evaluate 25 + -16 + (0 - 115 - (51 + -47)).
-110
Evaluate 16 + (-12 - (-22 - (-13 - 24))).
-11
Evaluate -2 - -16 - (-427 + 432).
9
Calculate 63 + -13 + -61 - -60.
49
What is the value of (-14640 - -14448) + 96 + -1?
-97
31 - (-2 - -27 - 24)
30
What is the value of -41 + 1 + 22 - -25 - -15?
22
Evaluate 18 - (-19 + 49 - -7) - -72.
53
Calculate -3 + -1 + (-8912 - -8837).
-79
Evaluate -1 + 3 + (-25 - (-13 + -49 + 29)).
10
What is the value of -84 - (-119 - (-54 - 26))?
-45
267 - (145 + 45 + -61)
138
Calculate (205 - 74) + -67 - (-2 + 22).
44
63 + -3 + -12 + -16 + 18
50
What is the value of 69 - -26 - -32 - 41?
86
What is the value of (-247 + -75 - -456) + (-1 - 0 - -8)?
141
Evaluate 2 - 11 - ((-14 - -8) + 8 + -4 + 2).
-9
What is -4 + -15 - -62 - (-42 + 18)?
67
Calculate (-13 - (-30 + 7 - -6)) + (1 - -55).
60
What is -6 + -1 + (5 - 11) + (-8 - -26)?
5
78 + -50 - -14 - (3 - -2)
37
What is the value of -10 + 3 - (3 - 27 - -4 - 11)?
24
Evaluate 15 - 20 - (-13 - (12 + -7)).
13
Calculate 28 - ((-10 + 31 - (18 + -7)) + (-12 - -1)).
29
Calculate 1 - 35 - (126 + 16 + -131).
-45
What is -10 + 14 + (111 - 114 - (125 + 1))?
-125
Evaluate -1025 + 967 - (1 + 3 + (-6 + 8 - 5)).
-59
Evaluate 110 - 9 - (-16 + 2 + 406 + -383).
92
Evaluate 14 + -39 + 28 + (-4 - 5 - 5) - 71.
-82
-61 - (-17 - -54) - -71
-27
Evaluate 1 + 9 + -349 + 374.
35
-9 + 1 + -180 + 198 - 25 - (-3 + 12)
-24
Calculate -115 - -61 - -67 - (1 + (2 - -34)).
-24
Evaluate (3 - -1) + (-26 - (-37 + 17)) - 3.
-5
Calculate 445 - 389 - (3 - -5).
48
Evaluate -4 - 0 - (50 + -18 + -36) - (2 + 36).
-38
(105 - 53) + -82 + 9
-21
What is the value of 6 - (0 + 2 + (123 + -87 - (-20 + -2)))?
-54
What is -36 + 39 + (51 - 73)?
-19
-8210 + 8175 + 0 + 145
110
What is 29 - (-34 + 33 - -3) - (-5 - 1)?
33
Calculate -7 + (-7 + 11 + -7 - (4 - 3)).
-11
What is the value of (-13 - -24) + -6 + 99 + -88?
16
What is 32 + 10 + -50 + -3?
-11
-5 + 6 - (-15 + 5 + (21 - 38))
28
(-44 - (31 - 61)) + -23
-37
What is the value of (14 - (-1 - -6 - (11 - 5))) + -93?
-78
-16 + 7 + (-1 - 1 - 28 - (-249 - -247))
-37
17 + ((-13 - 9) + 12 - (-48 - -1))
54
Calculate -29 + 4 + (-8 - (-24 + 1)) + -36 + 6.
-40
40 + 60 + -34 + -79
-13
Evaluate -12 + 10 - (25 + -28 + 31).
-30
What is the value of 556 + -439 - (23 + -1)?
95
40 - (-31 + (54 - 12))
29
Evaluate 128 + -233 + -15 - -66.
-54
What is -6 + 1 + (-21 - -37) + 1 + -44 + -60?
-92
Evaluate (-49 + 51 - -10) + -6 + 0.
6
What is 130 + -129 - (91 - 4 - (5 - -2))?
-79
-1 + 110 - (1 - ((-37 - -42) + -6 + -1))
106
What is (-1 - -6) + 11 + (3 + -6 - (-2 - 0))?
15
Calculate -36 - (-2 - -3 - -3) - (-2 + -35 + 38).
-41
What is the value of -49 + 38 - (-12 + (-4 - -1))?
4
What is the value of -4 - -17 - ((2 - 1) + (270 - 282))?
24
What is the value of (912 - 878) + -62 + 0?
-28
-21 + (-13 - (-3 - 0 - (119 + -122)))
-34
What is (1 - 104) + 19406 + -19387?
-84
What is the value of -8 + (62 - -17) - -10 - (-33 - -18)?
96
Evaluate -7 + -30 + 6 + -3 + 1 - 2.
-35
1 - -12 - (40 + 1 + -10 + 11)
-29
Calculate (147 + -43 - 63) + -25.
16
What is 38 + -20 - 32 - (3